4928?
7
What is the ten thousands digit of 171832730?
3
What is the hundred thousands digit of 590044750?
0
What is the hundred millions digit of 6021509055?
0
What is the units digit of 1085484095?
5
What is the hundred thousands digit of 28820113?
8
What is the hundred thousands digit of 226044951?
0
What is the tens digit of 1263441681?
8
What is the hundred millions digit of 1707722881?
7
What is the units digit of 304325363?
3
What is the hundred thousands digit of 18239017?
2
What is the hundred millions digit of 151347092?
1
What is the ten millions digit of 126450541?
2
What is the ten millions digit of 5282395522?
8
What is the ten thousands digit of 250942076?
4
What is the thousands digit of 149865521?
5
What is the ten thousands digit of 40141228?
4
What is the billions digit of 3719356256?
3
What is the ten millions digit of 100173040?
0
What is the tens digit of 581404067?
6
What is the ten thousands digit of 275672486?
7
What is the hundreds digit of 176457251?
2
What is the tens digit of 73888869?
6
What is the ten thousands digit of 823231190?
3
What is the ten millions digit of 137192023?
3
What is the thousands digit of 645862928?
2
What is the units digit of 1232308322?
2
What is the millions digit of 443551451?
3
What is the billions digit of 1003027695?
1
What is the tens digit of 49530584?
8
What is the units digit of 41570402?
2
What is the thousands digit of 109110795?
0
What is the thousands digit of 555354448?
4
What is the hundred thousands digit of 49525640?
5
What is the ten thousands digit of 161776088?
7
What is the ten thousands digit of 5714705?
1
What is the units digit of 13836616?
6
What is the hundreds digit of 7109586593?
5
What is the hundreds digit of 173055205?
2
What is the tens digit of 27422752?
5
What is the hundreds digit of 426676372?
3
What is the ten millions digit of 5210880344?
1
What is the hundred millions digit of 4279927373?
2
What is the hundreds digit of 104014153?
1
What is the ten millions digit of 29431626?
2
What is the tens digit of 39835633?
3
What is the millions digit of 516493704?
6
What is the ten millions digit of 63362184?
6
What is the thousands digit of 76365464?
5
What is the tens digit of 29617002?
0
What is the ten millions digit of 25978725?
2
What is the thousands digit of 87907360?
7
What is the hundred thousands digit of 48107494?
1
What is the tens digit of 6546409?
0
What is the units digit of 15895076?
6
What is the ten millions digit of 42787367?
4
What is the hundreds digit of 412460220?
2
What is the millions digit of 97859893?
7
What is the thousands digit of 40360407?
0
What is the tens digit of 3641437923?
2
What is the millions digit of 148567328?
8
What is the hundreds digit of 11900166?
1
What is the ten millions digit of 147144968?
4
What is the ten thousands digit of 211952364?
5
What is the millions digit of 107098624?
7
What is the ten millions digit of 123124097?
2
What is the hundred millions digit of 667852725?
6
What is the ten millions digit of 1198543950?
9
What is the tens digit of 171928832?
3
What is the ten millions digit of 451895183?
5
What is the tens digit of 72172652?
5
What is the millions digit of 207660972?
7
What is the tens digit of 1488425386?
8
What is the ten millions digit of 313169872?
1
What is the ten millions digit of 1836155427?
3
What is the millions digit of 977613796?
7
What is the hundred millions digit of 5684322122?
6
What is the units digit of 56848168?
8
What is the tens digit of 194588713?
1
What is the ten thousands digit of 45743500?
4
What is the millions digit of 66281868?
6
What is the ten thousands digit of 16207779?
0
What is the units digit of 6338580?
0
What is the hundreds digit of 59185900?
9
What is the units digit of 3646610362?
2
What is the units digit of 2825148379?
9
What is the tens digit of 471421368?
6
What is the tens digit of 2280931663?
6
What is the millions digit of 16490202?
6
What is the millions digit of 344823688?
4
What is the units digit of 28015648?
8
What is the hundred thousands digit of 88190804?
1
What is the units digit of 21810192?
2
What is the tens digit of 24056688?
8
What is the tens digit of 1950189471?
7
What is the hundred thousands digit of 194258403?
2
What is the hundreds digit of 82095699?
6
What is the ten millions digit of 682204519?
8
What is the units digit of 1347328476?
6
What is the hundred thousands digit of 3152364?
1
What is the thousands digit of 150784507?
4
What is the hundred thousands digit of 66733833?
7
What is the tens digit of 1557028478?
7
What is the ten millions digit of 51849059?
5
What is the billions digit of 2156668441?
2
What is the thousands digit of 711431902?
1
What is the thousands digit of 116277479?
7
What is the tens digit of 127077027?
2
What is the thousands digit of 8179134?
9
What is the units digit of 32776682?
2
What is the tens digit of 349020724?
2
What is the billions digit of 5486843143?
5
What is the hundreds digit of 41278649?
6
What is the ten millions digit of 549932428?
4
What is the ten millions digit of 510442453?
1
What is the ten millions digit of 75238509?
7
What is the hundred thousands digit of 210982825?
9
What is the hundred thousands digit of 334148321?
1
What is the tens digit of 241887722?
2
What is the hundreds digit of 439257209?
2
What is the ten millions digit of 47223071?
4
What is the millions digit of 64175524?
4
What is the hundreds digit of 18974597?
5
What is the units digit of 7083759519?
9
What is the ten millions digit of 77540102?
7
What is the hundreds digit of 3486333870?
8
What is the tens digit of 76505791?
9
What is the billions digit of 6231178491?
6
What is the millions digit of 1666107238?
6
What is the thousands digit of 15077701?
7
What is the thousands digit of 61974471?
4
What is the ten millions digit of 29992002?
2
What is the tens digit of 18407601?
0
What is the hundred thousands digit of 257219996?
2
What is the ten millions digit of 104605356?
0
What is the millions digit of 1854751834?
4
What is the ten thousands digit of 1230565688?
6
What is the tens digit of 286209960?
6
What is the thousands digit of 4239405869?
5
What is the hundred thousands digit of 10306132?
3
What is the hundred millions digit of 3327453781?
3
What is the units digit of 1432502492?
2
What is the millions digit of 442970107?
2
What is the hundred millions digit of 631561520?
6
What is the units digit of 65117259?
9
What is the ten thousands digit of 12287864?
8
What is the millions digit of 7218363?
7
What is the hundred thousands digit of 3329559969?
5
What is the millions digit of 274543079?
4
What is the ten thousands digit of 929902253?
0
What is the ten thousands digit of 453482?
5
What is the hundred millions digit of 2113589821?
1
What is the hundred millions digit of 181458994?
1
What is the hundred thousands digit of 16360454?
3
What is the thousands digit of 46458527?
8
What is the tens digit of 171115446?
4
What is the ten thousands digit of 5069594?
6
What is the tens digit of 1006474043?
4
What is the ten thousands digit of 134518966?
1
What is the hundred thousands digit of 246157265?
1
What is the ten thousands digit of 273584835?
8
What is the ten millions digit of 347876408?
4
What is the units digit of 119138756?
6
What is the units digit of 124249068?
8
What is the ten millions digit of 206993176?
0
What is the tens digit of 299449670?
7
What is the hundred thousands digit of 504827510?
8
What is the units digit of 116683740?
0
What is the hundreds digit of 82250696?
6
What is the units digit of 11772726?
6
What is the thousands digit of 570164788?
4
What is the hundred thousands digit of 1025198098?
1
What is the tens digit of 240418657?
5
What is the ten thousands digit of 1664552538?
5
What is the units digit of 20121940?
0
What is the hundred thousands digit of 28423012?
4
What is the billions digit of 1875738516?
1
What is the hundreds digit of 1344699183?
1
What is the thousands digit of 4359435214?
5
What is the hundred thousands digit of 160596698?
5
What is the thousands digit of 162146671?
6
What is the hundred thousands digit of 71154533?
1
What is the millions digit of 17424411?
7
What is the hundred millions digit of 8376278415?
3
What is the ten millions digit 